ime factors of k(-17)?
2, 5, 43
Let k = -19 + 22. Let v(f) = 3 - 20*f**2 - 2*f**k - 1 + 2*f - 4*f + 18*f**2. List the prime factors of v(-2).
2, 7
Let y(j) = 1 + 1 - 31*j - 2 + 3. Let t be y(-2). Let u = -46 + t. What are the prime factors of u?
19
Suppose -6*l = 4*n - 3*l - 36, -3*n + 24 = 3*l. Let o = n - 13. Let b(x) = -29*x**3 - 2*x**2 + 1. List the prime factors of b(o).
2, 7
Let h be 128/12*6/(-2). Let n be -4*4*(-12)/h. Let t(q) = -q**3 - 5*q**2 + 3*q - 1. List the prime factors of t(n).
17
Suppose -16*z + 4005 = -27243. What are the prime factors of z?
3, 7, 31
Let z be 2217/(-12) + (-5)/20. Let h be (z/25)/((-1)/5). Let f = -19 + h. What are the prime factors of f?
2, 3
Let r(o) be the first derivative of 7*o**2/2 - 2*o - 9. What are the prime factors of r(4)?
2, 13
Suppose 2*x - 4*c = -108, -2*x - 5*c = -x + 61. What are the prime factors of (-1)/(1/x*1)?
2, 7
Let n(v) = 3*v - 3 + 24*v - 2 - 3*v. Let k be n(2). Suppose 6*i - i = -3*m + 105, i - k = -5*m. What are the prime factors of i?
2, 3
Let i be 1/2*(-1302)/(-21). Suppose 0 = 5*r - i + 6. Suppose r*g = 291 - 91. What are the prime factors of g?
2, 5
Let w = 22 + -30. What are the prime factors of (-2)/6 + (10720/(-6))/w?
223
Let k be 101 + (2 + -6 - -6). Suppose -4*m + 471 = k. Suppose 3*r - m = r. What are the prime factors of r?
2, 23
Suppose 2*v = 7*v - 35. Suppose -2*t + 3 + 1 = 0. Suppose -z + t*z - v = 0. What are the prime factors of z?
7
Let s = 994 - 507. List the prime factors of s.
487
Suppose -6*l + 16 = -2*l, -2*l + 252 = -4*v. Let k = -21 - v. List the prime factors of k.
2, 5
Let r be -22 + (-4 + 3 - 2). Let y = r + 30. List the prime factors of y.
5
Let t(x) = 2*x**2 + 8*x + 2. Suppose -3*b + 5*b - 6 = 2*l, -2*b + 16 = 3*l. Let d be t(b). Suppose 38 = 5*m - d. What are the prime factors of m?
2, 13
Suppose 10253 = 26*w + 2141. List the prime factors of w.
2, 3, 13
Suppose 65*y + 17600 = 76880. What are the prime factors of y?
2, 3, 19
Let j = -16 + 15. Let p be (-79 + j)*(-22)/55. Let f = 69 - p. List the prime factors of f.
37
Suppose 4*j - 8*m - 36 = -4*m, -3*j = 5*m + 13. Suppose -2*a + 17 - 1 = 4*d, 2*a + 8 = j*d. Suppose 0 = f - d*f + 70. What are the prime factors of f?
5, 7
Suppose -2*r = 3 + 1. List the prime factors of (8 - 10)*(0 + 83/r).
83
Let v(b) = -b**2 - 2*b + 85. Let c be v(0). Suppose -44 = y - c. What are the prime factors of y?
41
Let r = 179 - -57. List the prime factors of r.
2, 59
Let k(y) be the third derivative of -17*y**4/24 - 5*y**3/3 + 3*y**2. What are the prime factors of k(-4)?
2, 29
Suppose 0 = 5*s - 1003 - 327. Suppose 0 = 4*i - 2*i - 4*x - s, -272 = -2*i - 2*x. What are the prime factors of i?
3, 5
Suppose -2*n + 8 - 2 = 0. Suppose 2*a - 11 = -n. Suppose 6*i - 126 = 4*i + a*w, 0 = -i - 3*w + 58. What are the prime factors of i?
61
Suppose -2 = q - g, 2*q + g = 4*q + 2. Let p be (q - -1)*-1 - 2. List the prime factors of 22 - (1 - (-3 - p)).
3, 7
Let a = 142 - 208. Let l be (-2 - (-125)/(-2))*6/9. Let q = l - a. List the prime factors of q.
23
Suppose 6*t - 7*t - 216 = 0. Suppose d = -3 - 1. What are the prime factors of (t/(-10))/d*-5?
3
Let d = -3 + 7. Suppose 5 = d*k + u, -k + 5 + 0 = u. Suppose 8*o - 2*o - 264 = k. What are the prime factors of o?
2, 11
Let k(h) = 823*h - 165. What are the prime factors of k(4)?
53, 59
Let c(r) = r**3 + 10*r**2 + r + 5. Let t be c(-7). Let s = -77 + t. List the prime factors of s.
2, 17
Let j(t) = 2*t**2 - 17*t + 11. Let c be j(7). Let a(q) = -q**2 - 11*q + 21. What are the prime factors of a(c)?
31
What are the prime factors of (-5)/(-4)*(69 + 555)?
2, 3, 5, 13
Suppose 84*c = 4*r + 85*c - 4872, 3*r + c = 3655. List the prime factors of r.
1217
List the prime factors of 40/(-2)*(-21)/14*139.
2, 3, 5, 139
Suppose 37 = 3*x + 7. Let v(p) = 6*p - 12. Let l be v(4). Let i = l - x. List the prime factors of i.
2
Suppose -2*v = -4*v. Suppose -5*q + 10 = -v*q. Suppose 3*s - q*s - 21 = 0. What are the prime factors of s?
3, 7
Let t(x) = x**3 + 11*x**2 - 2*x. Suppose 3*v + l - 10 = 0, 3*v - 15 = l - 1. Suppose j = v*i - i - 20, -3*j - 24 = 3*i. What are the prime factors of t(j)?
2, 11
Suppose -3*z - w = -2008, 5*z - 2884 = 3*w + 486. List the prime factors of z.
11, 61
Suppose 3*t - 7 - 5 = 0. Suppose 5*z + 549 = 2*a, a + z - 112 - 152 = 0. Suppose -t*o = 63 - a. List the prime factors of o.
3, 17
Suppose -2*l + 8 = -g, -4*l + 2 + 16 = -g. Suppose -4*o = -g*o - 6. Suppose -2*s + 11 - o = 0. What are the prime factors of s?
2
Let y(p) be the second derivative of -p**5/20 + p**4/6 - p**3/2 - 3*p**2 - 6*p. Let x be y(5). List the prime factors of ((-26)/(-8))/((-8)/x).
3, 13
Suppose 0 = -3*p + 4*y + 3, 0 = -2*p - p + 5*y. Suppose -p*r + 107 + 200 = -2*n, 2*n = -3*r + 197. Let d = -37 + r. What are the prime factors of d?
2, 13
Let i = 169 + -81. List the prime factors of i.
2, 11
Let b = 2875 + -1851. What are the prime factors of b/7 - 62/217?
2, 73
Let u be (-1648)/(-14) + 20/70. Suppose u = a + 40. What are the prime factors of a?
2, 3, 13
Suppose 4*w = -0*w, 5*t - 2*w = 15. Suppose 8*r = t*r + 20. Let f(q) = q**3 - 2*q**2 - q - 5. List the prime factors of f(r).
23
Let b(j) = -70 - 28 - 14*j + 23 - 5. What are the prime factors of b(-23)?
2, 11
Suppose 398 = 6*m + 80. Let j = m + 11. Let t = j - 35. List the prime factors of t.
29
Let z be 12/(-7)*(-56)/16. Let t = z + 147. What are the prime factors of t?
3, 17
List the prime factors of (-11)/((-66)/30) + 50.
5, 11
Suppose 3*a + 3*n - 1011 = 0, a - 240 - 103 = -3*n. What are the prime factors of a?
2, 167
Let w = 106 + 78. Suppose 0 = 2*l - 6*l + w. Let r = l - 24. List the prime factors of r.
2, 11
Let y = 941 - -1103. List the prime factors of y.
2, 7, 73
Let l = -139 - -131. List the prime factors of (-1 - 240/(-5))/((-2)/l).
2, 47
Suppose -3*p - w + 29 = 4*w, -55 = -5*p - 5*w. Let j = -11 + p. List the prime factors of 25 - (j/1 - -1).
2, 11
Let b(k) = -k**2 - 12*k + 16. Let u be b(-13). Let h(i) = 8*i**2 - 7 + 0*i**3 + 5*i + 1 + 7*i**u - 8*i**3. What are the prime factors of h(8)?
2, 17
Let m be (-1 + 26/(-6))*540/(-40). Suppose m - 11 = w. What are the prime factors of w?
61
Let j = 33 + -148. Let h = j - -263. Suppose -z - 3*z + h = 0. What are the prime factors of z?
37
Let b be -1 + -18 + (-2 - -6). Let s = -3 - b. List the prime factors of s.
2, 3
Let d(b) = -b**2 - 4*b + 16. Let o be d(7). List the prime factors of (o/5)/((-6)/30).
61
Let w(n) be the third derivative of n**5/60 - n**4/3 - 4*n**2. Let d be w(8). Suppose -2*v = 2*q - d*v - 2, -q = 5*v + 7. What are the prime factors of q?
3
Let p = 573 + 88. List the prime factors of p.
661
Let w(o) = o**2 + 7*o + 34. Suppose -107*m + 106*m = 14. What are the prime factors of w(m)?
2, 3, 11
Let g = -86 - -89. List the prime factors of (-7 - 67)*(g/(-6) - 0).
37
Let z be ((-45)/(-2))/9*6. Let u = 78 - z. What are the prime factors of u?
3, 7
Let c be ((-24)/10)/((-10)/25). Let p = c - -6. What are the prime factors of p?
2, 3
Suppose 0 = f + 2*j + 6, 11 + 4 = -4*f + j. Let c be (-848)/(-20) - f/(-10). Let d = c + -18. What are the prime factors of d?
2, 3
Let b(w) be the second derivative of 7*w**4/12 + w**3/3 - w**2 - 2*w. Let f(i) = -2*i**2 - 33*i - 43. Let j be f(-15). What are the prime factors of b(j)?
2, 3, 5
Let z be 98/(-12) + 10/60. Let w = z + 93. List the prime factors of w.
5, 17
Let o = 40 + -18. Suppose -m - 4 + 0 = -u, 0 = -4*u + 2*m + 14. Suppose -u*k + 23 = -o. What are the prime factors of k?
3, 5
Let a = 36 - 12. Let i = a - -9. Suppose -2*y + i = -61. List the prime factors of y.
47
Suppose 0*z + z - 1 = -a, -5*z = -4*a - 32. Suppose -6*m = -z*m - 22. List the prime factors of m.
11
Let i = 4652 - 3060. List the prime factors of i.
2, 199
Let g(x) = 5*x**2 - 13*x - 56. List the prime factors of g(-6).
2, 101
Suppose -3*b + 66 = -0*b. Suppose b = 2*t - 10. Suppose 2*u = t + 84. List the prime factors of u.
2, 5
Let n(d) = 2*d**2 + 4*d + 3. Let a be n(-2). Suppose -a*j = -6*j + 183. Suppose 4*i = j + 51. What are the prime factors of i?
2, 7
Suppose 5*d + b - 155 = 0, -17*b - 65 = -3*d - 12*b. What are the prime factors of d?
2, 3, 5
Suppose 2*j + 620 - 2800 = 0. List the prime factors of j.
2, 5, 109
Let v be 46/1 - (-3 - 0). Suppose 162 = 5*a + 87. Suppose -14*h - v = 